factors of j.
7, 71
Suppose 0*g = -4*m - 2*g + 3888, 972 = m + 3*g. List the prime factors of (m/(-27))/(-1 - 10/(-14)).
2, 3, 7
Let l(a) = a**3 - 7*a**2 + 3. Let z be l(7). Suppose 20 = -4*o, 3*x = -o - z*o + 211. What are the prime factors of x?
7, 11
Suppose 0 = -2*l - 90 - 114. Let u = l + 159. What are the prime factors of u?
3, 19
List the prime factors of (-2 + 17)*(-2 + 78 + 9).
3, 5, 17
Suppose -23714 - 8472 = -14*p. What are the prime factors of p?
11, 19
Suppose 4*c - c = 6. Suppose 2*u + c*u = 5*k - 252, -u + 210 = 4*k. List the prime factors of k + -1 + -2 + 6.
5, 11
Let h be 4/18 - 64/(-36). Let k be 12*-1*h/(-4). Suppose 0 = 3*c - k*c + 75. What are the prime factors of c?
5
What are the prime factors of 101472/896 + (-2)/8?
113
List the prime factors of 15 - -583 - (-14)/2.
5, 11
Let i(l) = 9*l - 63. Let t(j) = 13*j - 94. Let g(d) = 7*i(d) - 5*t(d). List the prime factors of g(-22).
73
Let t = 2131 - 502. What are the prime factors of t?
3, 181
What are the prime factors of (11660/(-66))/(3/(-72))?
2, 5, 53
Let w(h) = 3*h**3 - 6*h**2 - 3*h - 2. Let n be w(5). Suppose -5*l + n = -l. List the prime factors of l.
2, 13
Suppose -4*i - i + 13 = -3*g, i = -4*g + 21. Let f = -3 + 3. Suppose f = 5*z - g*z - 61. List the prime factors of z.
61
Let g = 46 + -54. Let b = 53 + g. List the prime factors of b.
3, 5
Let z = -48 - -16. Let r = z + 101. What are the prime factors of r?
3, 23
Suppose 0 = 2*v + 5*v - 21. Suppose v*x = 2*x. Suppose 5*f + 20 = x, -2*q + 5*f + 35 = -31. List the prime factors of q.
23
Let b(m) = 1 - 3*m - 6*m + 2. Let a be 3/(-2) - 13/26. List the prime factors of b(a).
3, 7
Let d(h) = 39*h - 7. Let n be d(2). Suppose -276 = -f - n. Suppose 2*u = 5*u + 9, 5*u - f = -4*w. List the prime factors of w.
5, 11
Let u = -81 + 79. What are the prime factors of (-3 - -313)/(u + 2 + 2)?
5, 31
Suppose 6 = -2*p, 4*b + 5*p - 40 = p. Let s(t) = -t**2 + 13*t + 2. Let x be s(b). List the prime factors of x/(-4) - 273/(-14).
19
Let k be ((-22)/(-3))/((-10)/(-15)). Let w = k + -8. List the prime factors of -1*(-9 - -3) + w.
3
Let t(i) = 5*i**3 - i**2 - i + 2. Let c be t(2). Suppose 0 = u - 4*u + c. List the prime factors of ((-9)/u)/(1/(-4)).
3
Suppose -2560 = -5*b - 2*x, 2*x - 1040 = -2*b - 2*x. Suppose -4*t = -t - b. Suppose -4*d + 3*a + t = 0, 112 = 2*d - 4*a + 32. What are the prime factors of d?
2, 11
List the prime factors of (-12369)/(-5) - ((-426)/30 - -14).
2, 1237
Let g be (-135)/20 + (-1)/4. What are the prime factors of g*2*(-7)/8*8?
2, 7
Let q be 174/2 + -4 + 3. Suppose -q = 31*b - 32*b. What are the prime factors of b?
2, 43
Suppose 14*d = 4*k + 10*d - 4184, 3*k - d = 3146. List the prime factors of k.
2, 3, 5, 7
Let c be 32/128 - 50/(-8)*-1. List the prime factors of 146/3 + c/9.
2, 3
List the prime factors of 132/(535/(-45) - -12).
2, 3, 11
Suppose 0 = 3*s + n - 28, 41 = 4*s - n - 1. Let t(y) = y - 8. Let c be t(s). Suppose -2*j = c*j - 68. What are the prime factors of j?
17
Let u be (8/(-18))/(16/(-72)). Suppose -u*f + 4*v - 154 = -7*f, v - 151 = -5*f. What are the prime factors of f?
2, 3, 5
Suppose 2*d + 44 = -2*d. Let g be d/(-3) - (-10)/30. What are the prime factors of g - (-2 + -8 + -1)?
3, 5
Let v(k) = 20*k**3 - 3*k**2 - k - 3. What are the prime factors of v(3)?
3, 13
Let a(h) = h + 4. Let j be a(-4). Suppose j*v - 6*v + 918 = 0. What are the prime factors of v?
3, 17
Suppose 2*w = 4*c - 16, w - 28 = 4*w - 2*c. Let x(s) = 34*s. Let j be x(w). List the prime factors of (-2)/(-3) - j/30.
2, 3
Let r be -2*(-1 + 12/8). Let x = -1 + r. Let g(l) = -7*l + 1. List the prime factors of g(x).
3, 5
Let r(w) = -248*w + 19. List the prime factors of r(-2).
5, 103
Suppose -4205 = -2*y + v, 5*y - 7737 = v + 2771. What are the prime factors of y?
11, 191
Let u(v) = -7 + 5*v + 2*v - 6. Let w(x) = x**2 - 2*x - 89. Let m be w(11). List the prime factors of u(m).
3, 19
Let f(r) = 5*r**3 + 11*r**2 - 12*r + 6. List the prime factors of f(5).
2, 3, 47
Let s = 8 + -8. Suppose c = y + 3, s*y + c - 9 = 3*y. What are the prime factors of 9 - -13 - (0 - y)?
19
Let h(t) = t**2 - 8*t + 3. Let s be h(8). Suppose -3*d = 2*z + 11, -2*z - 2*d = -0*d + 6. List the prime factors of z*3*s/2.
3
Let m(c) = -c**3 - 6*c**2 - 7. Let f be m(-6). Let w(i) = i**3 + 6*i**2 - 7*i + 7. Let j be w(f). Suppose 0 = -2*x + j + 5. List the prime factors of x.
2, 3
Let b = 6 + -13. Let o = b - -12. Suppose -4*l = -o*l + 13. List the prime factors of l.
13
Let t = -1181 - -2729. What are the prime factors of t?
2, 3, 43
Let m(i) = -96*i + 14 + 38 - i**2 + 94*i. List the prime factors of m(0).
2, 13
Let w = 38 + -32. Suppose w*p = -p + 28. What are the prime factors of p?
2
Let f(u) = 40*u - 76. What are the prime factors of f(14)?
2, 11
Let r = -280 + 729. List the prime factors of r.
449
Let r be 1305/35 - 2/7. Let w = 20 + 37. Let j = w - r. List the prime factors of j.
2, 5
Let h = -297 - -426. Let x = h - 36. What are the prime factors of x?
3, 31
Let c be (-1 + -5)/((-75)/(-20) + -3). List the prime factors of 11/((2/c)/(6/(-4))).
2, 3, 11
Let x = 4026 - 1694. List the prime factors of x.
2, 11, 53
Suppose 11*j + 4770 = 26*j. List the prime factors of j.
2, 3, 53
Let m = 418 - 267. Let b = m - 45. List the prime factors of b.
2, 53
Let s be (-143)/(-33) + 4/6. Let h(w) = -w**3 + 7*w**2 - 3*w - 5. List the prime factors of h(s).
2, 3, 5
Let l(v) = -4*v**3 - 19*v**2 - 4*v - 29. List the prime factors of l(-10).
2111
Suppose 0 = -0*v - 4*v. Let y(o) = 3*o + 40. List the prime factors of y(v).
2, 5
Suppose 1193 + 2679 = 8*z. What are the prime factors of z?
2, 11
Let t = -2456 - -3587. List the prime factors of t.
3, 13, 29
Suppose 4*g = -c - 121, -4*g + 7*c - 136 = 3*c. Suppose -5*b = 3*u + 274, -2*b - 2*b - 234 = -5*u. Let f = g - b. List the prime factors of f.
5
Let d = -27 + 36. Let p = -10 + d. What are the prime factors of (p - -46) + (8 - 10)?
43
Let a = -7104 - -10080. List the prime factors of a.
2, 3, 31
What are the prime factors of 93 + 27 - 6/(-1)?
2, 3, 7
Let i be (0 - -8)/1*(-18)/(-24). Let g = 25 - i. List the prime factors of g.
19
Suppose 5*b - 4*w = -987, 2*b + 4*w + 963 = -3*b. List the prime factors of b/(-4) + 3/12.
7
Let w(n) = n**3 + 13*n**2 - 16*n - 26. Let s be w(-14). What are the prime factors of (-2220)/(-15) + s + 0?
2, 3, 5
Let u be 12/(-10)*40/(-12). Suppose 4*f + 0*f - 36 = -u*n, 4*f - 46 = -5*n. Let l = n + 9. List the prime factors of l.
19
Let b = 2385 - 826. List the prime factors of b.
1559
Let g = 1393 + 417. What are the prime factors of g?
2, 5, 181
Suppose 0 = -s + 3*m + 554, 0*m = 5*s + 4*m - 2732. Suppose 6*d = s + 238. List the prime factors of d.
131
Let m be -1*2 + 8 + -2. Suppose 80 + 54 = 4*u + 2*i, -4*i - 152 = -m*u. Suppose -5 = 5*s - u. List the prime factors of s.
2, 3
Suppose 2*y - 2*u = 6, 3*y = 5*y + 3*u + 9. Suppose -3*c + 5*m + 416 = y, 5*c + 2*m - 664 = 3*m. What are the prime factors of c?
2, 3, 11
Let d(q) = -q**3 - 16*q**2 - 15*q + 3. Let t(k) = k**3 - 6*k**2 - 4*k + 9. Let f be t(6). Let b be d(f). Let u(y) = y + 3. List the prime factors of u(b).
2, 3
Let j = 912 - 248. Suppose 0 = -6*z + 230 + j. What are the prime factors of z?
149
Let q = 1147 + -706. List the prime factors of q.
3, 7
List the prime factors of ((-1469)/52)/(1/(-16)).
2, 113
Suppose 35*g = 14690 + 6205. What are the prime factors of g?
3, 199
Let p = 220 + 698. List the prime factors of p.
2, 3, 17
Let x(i) = -1549*i + 168. What are the prime factors of x(-2)?
2, 23, 71
Let j = -5741 + 8751. List the prime factors of j.
2, 5, 7, 43
Suppose -3*g - 3 = b, 3 = -0*b + 3*b + 3*g. Let c be 12/4*56/6. Suppose -3*h = -12, 2*h - 126 = -b*o - c. What are the prime factors of o?
2, 3, 5
Let o(r) = -r + 26. Let k be o(19). Suppose -3*y + k*y - 1096 = 0. List the prime factors of y.
2, 137
Let q(z) = 2*z**3 - 4*z**2 - z + 4. Let r = 9 - 6. What are the prime factors of q(r)?
19
Let j = 10 - 7. Let p be -4 + j + 1 + 0. Suppose p = m - u - 27, -3*m - 3*u = -0*u - 51. List the prime factors of m.
2, 11
Let o(j) = 119*j**2 + 49*j + 29. What are the prime factors of o(-5)?
31, 89
Suppose -23*x - 2*x + 15950 = 0. List the prime factors of x.
2, 11, 29
Suppose -g + 47 - 35 = 0. Suppose k = 0, k - 3*k = v + 9. Let d = g + v. List the prime fact